 - 388. Calculate the greatest common divisor of f and 12.
12
Suppose 0 = 2*v + y - 190, 2*y = -v - 3*y + 86. What is the highest common divisor of v and 64?
32
Suppose -b + 2*d = -16, 98 = 5*b - 2*d + d. Suppose 3*w - w = 280. Calculate the greatest common factor of b and w.
20
Let x(f) = -16*f**2 + f - 1. Let w(n) = 5 - 2 - 4. Let o(h) = w(h) - x(h). Let b be o(1). What is the greatest common factor of b and 3?
3
Suppose -h + 2 = -1. Suppose 3*s - 42 = -2*g, h*s - 28 - 20 = -4*g. Suppose 2*r = x - 58 - s, 5*x - 364 = -4*r. What is the greatest common factor of x and 8?
8
Suppose t = 4*q - 25, q - 2*t + 0 = 8. Suppose -4*v = -q*v. Suppose -2 = -2*g - v. What is the greatest common divisor of g and 11?
1
Suppose -g = 3*v - 11, 3*v - 2*v - 22 = -4*g. Calculate the greatest common divisor of g and 1.
1
Let k = -16 - -35. What is the greatest common divisor of k and 57?
19
Suppose -5*w - 173 = -3*b, 2*w = w + 3*b - 37. Let g be (-1)/(w/(-36) - 1). Let t = 1 + 1. What is the highest common divisor of t and g?
2
Suppose 0 = 3*l - 4*g - 94, 2*g = l - 4*l + 70. Suppose 858 = 51*u - 48*u. Calculate the greatest common factor of l and u.
26
Let k be (-4)/20 + 16/5. Let m(c) = -c**3. Let s(x) = 3*x**2 - 3*x + 4. Let y(l) = -m(l) - s(l). Let v be y(4). Calculate the greatest common factor of k and v.
3
Let n(r) = 3*r - 6. Let q be n(9). Calculate the greatest common divisor of 14 and q.
7
Let i(o) = 2*o**3 - 27*o**2 + 12*o + 20. Let d be i(13). Calculate the highest common factor of 1 and d.
1
Suppose -18 = 3*f - 4*f. Suppose -29 = -4*x + 7. Calculate the greatest common divisor of x and f.
9
Suppose -2*w = -4*b + 12, -3*b - 2 = 2*w - 4. Let t be 3*b/(-6) - -155. What is the greatest common factor of 14 and t?
14
Suppose -3 = -l - 6. Let b be 3 - (0/2)/l. Suppose -m + b*m = 22. What is the greatest common factor of 66 and m?
11
Suppose -3*j + 2*j = -5*b, -5*b + 40 = j. Let h(f) = 0*f + 0*f + 1 + f**2. Let v be h(-2). What is the highest common divisor of v and j?
5
Suppose 3 = -2*r + r. Let q = 11 + r. Let f(z) = z**3 - 5*z**2 - 8. Let n be f(q). What is the highest common factor of 23 and n?
23
Let q(m) = -31*m + 5*m - 1 + 0*m - 9*m. Let r be q(-3). Suppose 0 = -0*n + 3*n - 39. Calculate the highest common factor of n and r.
13
Suppose 0 = -3*t - t - 364. Let s = 146 + t. Suppose s = -4*r + 143. What is the greatest common factor of 11 and r?
11
Suppose 138 = 5*u - 32. Let d be (12/(-30))/((-1)/(-5)). Let n be 2/(-3)*255/d. Calculate the greatest common factor of u and n.
17
Let t be -29*1 + 4 + -4. Let a = t - -71. Suppose -4 - 52 = -4*f. What is the greatest common factor of a and f?
14
Let q = -128 + 411. Let u = -151 + q. Calculate the greatest common divisor of 12 and u.
12
Let u = 110 - 38. Suppose 2*t - 1 = -s, -s - 7*t + 2*t = 11. Calculate the highest common factor of s and u.
9
Let c(o) = -o**2 - 5*o - 3. Let v be c(-2). Let y be 14/21 + (-5)/v. Let i be 71 + -7 + 2 + y. What is the greatest common divisor of i and 13?
13
Let k = 9 + 23. Let f = 18 - k. Let l be f/(-63) - 1760/(-18). Calculate the greatest common factor of 14 and l.
14
Suppose -4*a = 4*a - 816. Calculate the greatest common divisor of a and 34.
34
Suppose 2*l = 10*l - 112. Calculate the highest common factor of l and 56.
14
Let y = -18 + 33. Calculate the highest common factor of y and 75.
15
Let f = 50 + 19. Suppose 4*y - f = y. What is the highest common divisor of 92 and y?
23
Let o = 5 - 28. Let t = o - -45. Calculate the highest common divisor of 11 and t.
11
Let y = 6 + -6. Suppose -3*j + y*j + 9 = 0. Calculate the highest common divisor of 33 and j.
3
Let b = 193 - 123. Let z(l) = -l - 5. Let c be z(-8). Suppose 31 = c*d + 1. What is the highest common factor of b and d?
10
Suppose 2*b = -5*v + 3*b - 29, -b - 13 = 2*v. Let u = -19 - -28. Let w be (132/u)/(v/(-9)). Calculate the greatest common divisor of 22 and w.
22
Suppose 0 = -2*k + 2 + 6. Suppose -4*i + k*j = i - 424, 5*j = -i + 79. What is the highest common divisor of i and 21?
21
Let r(g) = 10*g**3 - g**2 + 3*g - 1. Let u = -5 + 7. Let m be r(u). Calculate the highest common divisor of 9 and m.
9
Let f = -119 - -57. Let b = -43 - f. Calculate the greatest common divisor of 57 and b.
19
Let s = 8 - 17. Let d(a) = a**2 + 7*a - 8. Let b be d(s). Let j be 2/(-4) - (-175)/b. What is the greatest common divisor of 51 and j?
17
Suppose -434 = -5*f + 2*n, -2*f + 5*n = -0*f - 161. Suppose 0 = -q - q + 22. What is the greatest common factor of q and f?
11
Let i(d) = 53*d**2 - 5*d - 3. Let f be i(-1). Calculate the greatest common divisor of f and 33.
11
Let d = 5 - 11. Let k be 39/d - (-2)/4. Let w be 10/(-15) + (-454)/k. What is the greatest common factor of w and 15?
15
Let n = 7 - -43. What is the highest common divisor of 25 and n?
25
Let t(g) = g. Let h(w) = -w - 6. Let m(x) = -h(x) - 2*t(x). Let f be m(-6). Suppose 3*o = -0*o + f. What is the greatest common factor of 2 and o?
2
Let x be (60/14)/(-6 - (-301)/49). What is the greatest common divisor of x and 45?
15
Suppose -2*j - 1 = f - 11, 30 = 5*f + 5*j. Suppose l = f*l - 2*y - 72, -4*l + 2*y = -270. Calculate the greatest common divisor of 22 and l.
22
Suppose 0 = -k - 5*x + 56, -188 = -5*k - x - x. Suppose -3*g = -2*s - 32 + 128, -20 = -5*g. Calculate the highest common factor of k and s.
18
Suppose -6*y + 2*y = -108. What is the greatest common factor of y and 3?
3
Suppose 4*h + 3*g = 81, 0 = 2*h + 2*g - 3*g - 43. Let r(l) = -l**2 - 34*l - 57. Let o be r(-32). What is the highest common divisor of o and h?
7
Suppose -2*m + 9 = -5*m, 2*w - 2*m - 126 = 0. Calculate the greatest common divisor of w and 24.
12
Let n(k) = -k**3 + 9*k**2 - 15*k - 3. Let c be n(6). Calculate the highest common divisor of c and 105.
15
Let p be 2/6 + (-476)/(-12). Let a = -20 + p. What is the highest common divisor of 30 and a?
10
Let j be -3 + -3 + 8/2. Let v be -2 - 0 - j*9. Let a be 22/4 - 3/2. Calculate the highest common factor of a and v.
4
Let h be 7 - 3/(2 + 1). Suppose 4*q = 4*y - 20, -2*y - q = -h*y + 35. Calculate the highest common divisor of 80 and y.
10
Let d(g) = g - 2. Let s be d(4). Suppose -n - s*n = -21. Calculate the greatest common divisor of 1 and n.
1
Let a be (-102)/27 - (-2)/(-9). Let p(b) = -26*b + 4. Let v be p(a). What is the highest common divisor of 12 and v?
12
Let h(o) = -3 - 2*o**3 + 6*o - 5*o + 4*o**2 - 4*o + 3*o**3. Let n be h(-2). What is the greatest common factor of n and 77?
11
Let s(u) = 22*u**2 - 3. Let j be s(-2). Calculate the highest common factor of j and 5.
5
Let c(q) = q**3 - 3*q**2 - 4*q + 3. Let j be c(4). Suppose j*v - 196 = 4*u, 0*v - v = 5*u - 59. Calculate the greatest common divisor of 16 and v.
16
Let s(i) = -i**2 - 11*i - 10. Let b be 2*(-1)/(-2)*-9. Let g be s(b). What is the highest common factor of 2 and g?
2
Let q(f) = 31*f**2 + 3*f + 2. Let n be q(-2). Suppose -n = -2*c - c. Calculate the greatest common divisor of c and 5.
5
Suppose -5*v = -w + 8, -24 = -3*w + 4*v - 2*v. Suppose -d - 4*i = -72, -4*i + 30 = -5*d + 294. What is the greatest common factor of w and d?
8
Let d be (3 - 2)*(3 + -2) + 24. What is the highest common divisor of 100 and d?
25
Let o = -62 - -103. Suppose o = -5*v + 1151. Suppose 0 = -3*j - 57 + v. Calculate the greatest common divisor of 11 and j.
11
Suppose 2*l + 0 = a + 111, 5*l + 5*a = 315. Let h = -41 + l. Calculate the highest common factor of 51 and h.
17
Let j be (3 - -1) + (1 - -3). Suppose -5*h + 93 = -2*h. Suppose -r = -h - 33. What is the highest common divisor of r and j?
8
Suppose -4*y + 5*z + 22 = 0, -21 = 3*y - 8*y + 3*z. Suppose -3*w - 2*l = y*l - 89, w = l + 35. Calculate the greatest common divisor of w and 22.
11
Let m = 5 - 5. Suppose -z + l = -21, 3*z + 4*l = -m*l + 35. Let g = -8 + z. What is the highest common factor of g and 9?
9
Let l be (-222)/(-36) + (-2)/12. What is the greatest common factor of 102 and l?
6
Let x(l) = -l**3 + 8*l**2 - 3*l - 7. Let n(g) = -1. Let r(m) = -3*n(m) + x(m). Let c be r(3). What is the highest common divisor of 16 and c?
16
Let v = 21 + -16. Suppose -35 = -4*r + 5*a, -3*r - 2*r + v*a + 50 = 0. Calculate the greatest common factor of r and 45.
15
Let l(q) = -q**3 + 6*q**2 + 7*q - 8. Suppose 4*d - 7 = 17. Let z be l(d). What is the greatest common